{"id":763,"date":"2025-06-22T14:25:31","date_gmt":"2025-06-22T14:25:31","guid":{"rendered":"https:\/\/icnmsme2025.web.ua.pt\/?page_id=763"},"modified":"2025-07-05T08:48:18","modified_gmt":"2025-07-05T08:48:18","slug":"wmter-2025","status":"publish","type":"page","link":"https:\/\/icnmsme2025.web.ua.pt\/?page_id=763","title":{"rendered":"WMTER-2025"},"content":{"rendered":"<h3 style=\"text-align: center;\">4<sup>th<\/sup> International Workshop on \u201cModern Trends in Energy Research\u201d<\/h3>\n<h5 style=\"text-align: center;\"><strong>WMTER-2025<\/strong><\/h5>\n<h5 style=\"text-align: center;\">July 10, 2025, Aveiro, Portugal<\/h5>\n<p><img loading=\"lazy\" decoding=\"async\" class=\"alignnone wp-image-766\" src=\"https:\/\/icnmsme2025.web.ua.pt\/wp-content\/uploads\/2025\/06\/w1-300x246.jpg\" alt=\"\" width=\"602\" height=\"494\" srcset=\"https:\/\/icnmsme2025.web.ua.pt\/wp-content\/uploads\/2025\/06\/w1-300x246.jpg 300w, https:\/\/icnmsme2025.web.ua.pt\/wp-content\/uploads\/2025\/06\/w1.jpg 570w\" sizes=\"(max-width: 602px) 100vw, 602px\" \/><\/p>\n<p><strong>Topics:<\/strong><\/p>\n<p>Green Hydrogen: Production, Storage &amp; Transport<br \/>\nFuel Cells\/Electrolysers<br \/>\nElectrochemical Synthesis of Green Fuels and Chemicals<br \/>\nBatteries &amp; Supercapacitors<br \/>\nNanocatalysis &amp; Electrocatalysts<br \/>\n<strong>Convener: <\/strong>Dr. D. Pukazhselvan (UA, Portugal)<br \/>\n<strong>Co-convener: <\/strong>Dr. Francisco Loureiro (UA, Portugal)<\/p>\n<p><strong>Host Institution: <\/strong><\/p>\n<p><strong>Centre for Mechanical Technology and Automation, Department of Mechanical Engineering, University of Aveiro, Portugal.<\/strong><\/p>\n<p><strong>Local Organizing committee:<\/strong><br \/>\nDr. D. Pukazhselvan (UA, Portugal)<br \/>\nDr. Francisco J. A. Loureiro (UA, Portugal)<br \/>\nDr. Igor Bdikin (UA, Portugal)<br \/>\nDr. Duncan Paul Fagg (UA, Portugal)<\/p>\n<p><strong>*No registration fee<\/strong><\/p>\n<p><strong>*This event is only in online mode<\/strong><br \/>\n<strong>Workshop Contact:<\/strong><br \/>\n<a href=\"mailto:dpukazh@ua.pt\"><strong>dpukazh@ua.pt<\/strong><\/a><\/p>\n<h3><strong>WMTER-2025<\/strong> program<\/h3>\n<p><strong>10<sup>th<\/sup> July 2024, 14 h to 16h h<\/strong><\/p>\n<p><strong>Session:1 <\/strong><\/p>\n<p><strong>Chair: Francisco \u00a0Loureiro (Co-convener, WMTER 2025)<\/strong><\/p>\n<table>\n<tbody>\n<tr>\n<td width=\"84\"><strong>14.00 \u2013 14.05<\/strong><\/td>\n<td width=\"517\"><strong>Workshop introduction and welcome Address<\/strong><\/p>\n<p><strong>D. Pukazhselvan (Convener WMTER 2025)<\/strong><\/td>\n<\/tr>\n<tr>\n<td width=\"84\"><strong>14.05 \u201314.40<\/strong><\/td>\n<td width=\"517\"><strong>Plenary Lecture<\/strong><\/p>\n<p><strong>Fausthon Fred da Silva<\/strong><\/p>\n<p>Department of Chemistry, Federal University of Para\u00edba, Brazil<\/p>\n<p><strong><em>Title: \u201cPhyto-mediated green synthesis of NiO nanoparticles for OER electrocatalysis\u201d <\/em><\/strong><\/td>\n<\/tr>\n<tr>\n<td width=\"84\"><strong>14.40 \u2013 15.00<\/strong><\/td>\n<td width=\"517\"><strong>Keynote Address<\/strong><\/p>\n<p><strong>Ihsan \u00c7aha <\/strong><\/p>\n<p>International Iberian Nanotechnology Laboratory, Braga, Portugal<\/p>\n<p><strong><em>Title: \u201cUltrafast Transmission Electron Microscopy: A New Frontier for Dynamic Imaging at the Nanoscale\u201d<\/em><\/strong><\/td>\n<\/tr>\n<\/tbody>\n<\/table>\n<p><strong>\u00a0<\/strong><strong>Session:2 <\/strong><\/p>\n<p><strong>Chair: Vanessa Graca<\/strong><\/p>\n<table>\n<tbody>\n<tr>\n<td width=\"84\"><strong>15.00 \u2013 15.20<\/strong><\/td>\n<td width=\"517\"><strong>Invited Talk-1<\/strong><\/p>\n<p><strong>Allan J. M. Ara\u00fajo<\/strong><\/p>\n<p>TEMA &#8211; Centre for Mechanical Technology and Automation, Department of Mechanical Engineering, University of Aveiro, Portugal<\/p>\n<p><strong><em>Title: \u201cLayered Ruddlesden\u2013Popper lanthanum nickelates for SOC oxygen electrodes: Effect of PrOx impregnation\u201d<\/em><\/strong><\/td>\n<\/tr>\n<tr>\n<td width=\"84\"><strong>15.20 \u2013 15.40<\/strong><\/td>\n<td width=\"517\"><strong>Invited Talk-2<\/strong><\/p>\n<p><strong>Paula Rosendo Santos<\/strong><\/p>\n<p>Facultad de Farmacia, Departamento de Qu\u00edmica y Bioqu\u00edmica, Urbanizaci\u00f3n Montepr\u00edncipe, Universidad San Pablo-CEU, CEU Universities, E-28668 Madrid, Spain<\/p>\n<p><strong><em>Title: \u201cUnveiling the Mechanism of Exsolution of Silver Nanoparticles for Decorating Lanthanum Strontium Ferrite and assessment of its electrochemical behavior\u201d<\/em><\/strong><\/td>\n<\/tr>\n<tr>\n<td width=\"84\"><strong>15.40 \u2013 16.00<\/strong><\/td>\n<td width=\"517\"><strong>Invited Talk-3<\/strong><\/p>\n<p><strong>Jayakrishnan K. Ravindran<\/strong><\/p>\n<p>TEMA &#8211; Centre for Mechanical Technology and Automation, Department of Mechanical Engineering, University of Aveiro, Portugal<\/p>\n<p><strong><em>Title: \u201cEnvironmental Assessment of MSW-to-FT Fuel Pathways: Impact of Gasification and Tail Gas Utilization Strategies\u201d<\/em><\/strong><\/td>\n<\/tr>\n<tr>\n<td width=\"84\"><strong>16.00 \u201316.20<\/strong><\/td>\n<td width=\"517\"><strong>Invited Talk-4<\/strong><\/p>\n<p><strong>Carlos O Amorim<\/strong><\/p>\n<p>Department of Physics and i3N, University of Aveiro, Campus de Santiago, 3810-193 Aveiro, Portugal<\/p>\n<p><strong>Title: \u201cLow-Temperature, Rapid Synthesis of Cu3BiS3 Thin Films for Sustainable Photovoltaics\u201d<\/strong><\/td>\n<\/tr>\n<tr>\n<td width=\"84\"><strong>16.20 \u201316.30 <\/strong><\/p>\n<p><strong>\u00a0<\/strong><\/td>\n<td width=\"517\"><strong>Session break<\/strong><\/td>\n<\/tr>\n<\/tbody>\n<\/table>\n<p><strong>Session:2 <\/strong><\/p>\n<p><strong>Chair: Laura Holz<\/strong><\/p>\n<table>\n<tbody>\n<tr>\n<td width=\"84\"><strong>16.40 \u2013 17.00<\/strong><\/td>\n<td width=\"517\"><strong>Invited Talk-5<\/strong><\/p>\n<p><strong>Jaykumar Lachure<\/strong><\/p>\n<p>Department of Computer Engineering &amp; Information Technology, VJTI Mumbai, India<\/p>\n<p><strong>Title: \u201cQuantum-Informed Generative Optimization (QIGO) for Catalyst-Free Hydrogen Evolution Using Hybrid Quantum-AI\u201d<\/strong><\/td>\n<\/tr>\n<tr>\n<td width=\"84\"><strong>17.00-17.20<\/strong><\/td>\n<td width=\"517\"><strong>Invited Talk-6<\/strong><\/p>\n<p><strong>Morena B. Farias<\/strong><\/p>\n<p>Department of Materials Science and Engineering Postgraduate Program, Federal University of Rio Grande do Norte, Brazil<\/p>\n<p><strong><em>Title: \u201cImprovement of cobalt-free perovskite electrodes for application in solid oxide fuel cells\u201d<\/em><\/strong><\/td>\n<\/tr>\n<tr>\n<td width=\"84\"><strong>17.20 \u2013 17.40<\/strong><\/td>\n<td width=\"517\"><strong>Invited Talk-7<\/strong><\/p>\n<p><strong>Raquel Dantas<\/strong><\/p>\n<p>Department of Chemistry, CICECO-Aveiro Institute of Materials, University of Aveiro, Portugal<\/p>\n<p><strong><em>Title: \u201cFrom Design to Performance: Redox-active COFs as advanced organic electrode materials\u201d<\/em><\/strong><\/td>\n<\/tr>\n<tr>\n<td width=\"84\"><strong>17.40-17.55<\/strong><\/td>\n<td width=\"517\"><strong>Invited Talk-8<\/strong><\/p>\n<p><strong>D. Pukazhselvan <\/strong><\/p>\n<p>TEMA &#8211; Centre for Mechanical Technology and Automation, Department of Mechanical Engineering, University of Aveiro, Portugal<\/p>\n<p><strong><em>Title: \u201cReactive Hydride Composites: A Promising Pathway for High-Capacity Hydrogen Storage\u201d<\/em><\/strong><\/td>\n<\/tr>\n<tr>\n<td width=\"84\"><strong>17.55-18.00<\/strong><\/td>\n<td width=\"517\"><strong>Vote of Thanks\/Concluding remarks<\/strong><\/td>\n<\/tr>\n<\/tbody>\n<\/table>\n<p>&nbsp;<\/p>\n","protected":false},"excerpt":{"rendered":"<p>4th International Workshop on \u201cModern Trends in Energy Research\u201d WMTER-2025 July 10, 2025, Aveiro, Portugal Topics: Green Hydrogen: Production, Storage &amp; Transport Fuel Cells\/Electrolysers Electrochemical Synthesis of Green Fuels and Chemicals Batteries &amp; Supercapacitors Nanocatalysis &amp; Electrocatalysts Convener: Dr. D. Pukazhselvan (UA, Portugal) Co-convener: Dr. Francisco Loureiro (UA, Portugal) Host Institution: Centre for Mechanical Technology [&hellip;]<\/p>\n","protected":false},"author":1,"featured_media":0,"parent":0,"menu_order":0,"comment_status":"closed","ping_status":"closed","template":"","meta":{"footnotes":""},"class_list":["post-763","page","type-page","status-publish","hentry"],"_links":{"self":[{"href":"https:\/\/icnmsme2025.web.ua.pt\/index.php?rest_route=\/wp\/v2\/pages\/763"}],"collection":[{"href":"https:\/\/icnmsme2025.web.ua.pt\/index.php?rest_route=\/wp\/v2\/pages"}],"about":[{"href":"https:\/\/icnmsme2025.web.ua.pt\/index.php?rest_route=\/wp\/v2\/types\/page"}],"author":[{"embeddable":true,"href":"https:\/\/icnmsme2025.web.ua.pt\/index.php?rest_route=\/wp\/v2\/users\/1"}],"replies":[{"embeddable":true,"href":"https:\/\/icnmsme2025.web.ua.pt\/index.php?rest_route=%2Fwp%2Fv2%2Fcomments&post=763"}],"version-history":[{"count":3,"href":"https:\/\/icnmsme2025.web.ua.pt\/index.php?rest_route=\/wp\/v2\/pages\/763\/revisions"}],"predecessor-version":[{"id":874,"href":"https:\/\/icnmsme2025.web.ua.pt\/index.php?rest_route=\/wp\/v2\/pages\/763\/revisions\/874"}],"wp:attachment":[{"href":"https:\/\/icnmsme2025.web.ua.pt\/index.php?rest_route=%2Fwp%2Fv2%2Fmedia&parent=763"}],"curies":[{"name":"wp","href":"https:\/\/api.w.org\/{rel}","templated":true}]}}